- 4?
2050
In base 2, what is 110001101 + 101100?
110111001
In base 7, what is -1 - 103?
-104
In base 9, what is -5 + 70?
64
In base 5, what is 10 + -121?
-111
In base 4, what is 0 + -2233?
-2233
In base 6, what is 3 + -10100?
-10053
In base 15, what is -2 + 59?
57
In base 5, what is 11011 - 10?
11001
In base 8, what is 2 - -461?
463
In base 5, what is -1001 - 43?
-1044
In base 3, what is 12 + -121?
-102
In base 6, what is 521 - -2?
523
In base 6, what is 322 - 11?
311
In base 15, what is -2d + 35?
7
In base 12, what is 7a52 + -5?
7a49
In base 16, what is 6 - -4f?
55
In base 11, what is 74 + 7?
80
In base 15, what is 8 - -331?
339
In base 7, what is -24205 + 1?
-24204
In base 4, what is -11310 + 102?
-11202
In base 12, what is 1721 + -5?
1718
In base 11, what is -169 + 14?
-155
In base 12, what is 5 + -2810?
-2807
In base 12, what is 18 - 0?
18
In base 16, what is 1e + 6?
24
In base 16, what is 38e - 3?
38b
In base 14, what is 3 - a7?
-a4
In base 4, what is 2 + 30033?
30101
In base 8, what is -23 - 45?
-70
In base 15, what is 157 + 1?
158
In base 13, what is 167 - 5?
162
In base 14, what is d - c?
1
In base 10, what is -9 + 2?
-7
In base 11, what is -a - 52?
-61
In base 13, what is -31 + -5?
-36
In base 5, what is 323 + -22?
301
In base 10, what is -3 - 351?
-354
In base 15, what is 1d0 - -1?
1d1
In base 12, what is -84b + 4?
-847
In base 9, what is 2 - 250?
-247
In base 12, what is 0 - 1020?
-1020
In base 11, what is a10 + -4?
a07
In base 15, what is -5 - -144?
13e
In base 10, what is 17362 - -2?
17364
In base 12, what is -7 + 9?
2
In base 2, what is -10 - -10000100110?
10000100100
In base 7, what is 12 - -4?
16
In base 12, what is -31 - 27?
-58
In base 13, what is 2 - -41a?
41c
In base 11, what is -2 - -131?
12a
In base 15, what is 4 + -42?
-3d
In base 11, what is 1013 + -5?
1009
In base 9, what is -7 - 446?
-454
In base 8, what is -4 - -153?
147
In base 8, what is -4 + 2750?
2744
In base 14, what is -454 - -4?
-450
In base 12, what is -19 + -284?
-2a1
In base 16, what is -3 - 22d?
-230
In base 11, what is -25 + -673?
-698
In base 12, what is 7 + 318?
323
In base 9, what is -2544 + 1?
-2543
In base 2, what is -11 + 111111011010?
111111010111
In base 16, what is 2 - -17?
19
In base 16, what is 1 - -83c?
83d
In base 5, what is -424123 + 2?
-424121
In base 11, what is 24 + 39a?
413
In base 2, what is -110 - 11010101?
-11011011
In base 14, what is -48c8 + 5?
-48c3
In base 11, what is -1 + 34?
33
In base 2, what is -1110000 + -1111?
-1111111
In base 9, what is -881 - -8?
-872
In base 5, what is -3 + 13021?
13013
In base 10, what is 70 + 18?
88
In base 5, what is -23 - -30?
2
In base 13, what is -8 - -2?
-6
In base 3, what is 11021 - -11200?
22221
In base 10, what is 687 + 0?
687
In base 15, what is -cb + 1?
-ca
In base 4, what is 2022002 + -3?
2021333
In base 6, what is -104 - 14?
-122
In base 16, what is -e - -4?
-a
In base 2, what is 110011001101111 + -10?
110011001101101
In base 8, what is 17 + 7?
26
In base 8, what is 46 - 0?
46
In base 4, what is 110 + -3?
101
In base 15, what is 1c1e - 5?
1c19
In base 14, what is 1 - -1966?
1967
In base 4, what is -11 + -2023?
-2100
In base 7, what is 6 + 120?
126
In base 13, what is -c9 + 10?
-b9
In base 3, what is 1110021 - 1?
1110020
In base 14, what is -7 - -1c?
15
In base 9, what is 1208 - -4?
1213
In base 16, what is 8 + -492?
-48a
In base 13, what is -1 + -36c?
-370
In base 13, what is 5847 + 1?
5848
In base 4, what is 2131 - 201?
1330
In base 4, what is -202003 - -11?
-201332
In base 13, what is bb3 - -2?
bb5
In base 2, what is -1000 - 1?
-1001
In base 8, what is 52 + 144?
216
In base 12, what is -475 - -2?
-473
In base 14, what is -12 + 18?
6
In base 11, what is -323 + 4?
-31a
In base 6, what is -2 - -411?
405
In base 10, what is 0 + 56?
56
In base 12, what is -200 - -3?
-1b9
In base 8, what is -11 + -15?
-26
In base 8, what is -2 + -1631?
-1633
In base 3, what is 111 + 202?
1020
In base 9, what is 4461 - -3?
4464
In base 9, what is -8 - 670?
-678
In base 2, what is 11 + 11010000?
11010011
In base 3, what is 120 - -10001?
10121
In base 12, what is -9 - -1b?
12
In base 2, what is 1011011111 - 11?
1011011100
In base 15, what is 10 - -50?
60
In base 12, what is 70 + 0?
70
In base 2, what is -1000000 + -10001011?
-11001011
In base 8, what is -4 - -132?
126
In base 4, what is -103 + 0?
-103
In base 15, what is 80 + -4?
7b
In base 15, what is 0 + -574?
-574
In base 10, what is 1 - -3?
4
In base 5, what is -4 - 3441?
-4000
In base 3, what is -20 - 11200?
-11220
In base 11, what is 7888 + -4?
7884
In base 12, what is -538 + -3?
-53b
In base 12, what is 0 - 76?
-76
In base 5, what is 1044 + -12?
1032
In base 12, what is 16 - 235?
-21b
In base 15, what is -203 + 4?
-1ee
In base 5, what is 43 + 10?
103
In base 4, what is 33 + -212?
-113
In base 9, what is -33 - -846?
813
In base 5, what is 31 + -20300?
-20214
In base 13, what is 53c8 - -3?
53cb
In base 9, what is -1 + -463?
-464
In base 10, what is 50 + 2?
52
In base 14, what is -4 + -68?
-6c
In base 7, what is -163 - -2?
-161
In base 9, what is -74 - 32?
-116
In base 16, what is -12 - 8e?
-a0
In base 10, what is 2 - 4235?
-4233
In base 2, what is -100 - -1000111110?
1000111010
In base 12, what is -180 - 32?
-1b2
In base 5, what is 3 - -110000?
110003
In base 8, what is 1 - -52?
53
In base 16, what is -2 - -25?
23
In base 10, what is 261 - 3?
258
In base 11, what is -20 + -199?
-209
In base 11, what is 37 - 9?
29
In base 2, what is 100110 + -101?
100001
In base 5, what is -12000 + 100?
-11400
In base 2, what is 10111101101 - -11?
10111110000
In base 4, what is -11 + -21?
-32
In base 16, what is -7fd - 3?
-800
In base 8, what is -302 + -2?
-304
In base 6, what is 4 + -10045?
-10041
In base 10, what is 10 + -5753?
-5743
In base 5, what is 13 + -24?
-11
In base 4, what is -21 - -132?
111
In base 3, what is -11 + -10122?
-10210
In base 16, what is -4 - -487?
483
In base 6, what is -3 - -35?
32
In base 10, what is -4 + -2231?
-2235
In base 13, what is 20a6 + -5?
20a1
In base 4, what is -102 + -3?
-111
In base 15, what is -2 + 116?
114
In base 9, what is 1101 - -5?
1106
In base 9, what is -3 + -4?
-7
In base 15, what is -8c2 - 1?
-8c3
In base 6, what is -5 + 2344?
2335
In base 2, what is 110100110110 - -111?
110100111101
In base 11, what is -45a2 + 2?
-45a0
In base 3, what is -1 - -10101012?
10101011
In base 9, what is 1316 + 1?
1317
In base 12, what is 4 + -b28?
-b24
In base 6, what is 33 + 5?
42
In base 16, what is -5 + -2c9?
-2ce
In base 10, what is -2 - -78?
76
In base 11, what is 0 + 164?
164
In base 7, what is 0 - 41?
-41
In base 12, what is -2 + 69b?
699
In base 10, what is 535 - -1?
536
In base 15, what is 8 + -24?
-1b
In base 12, what is 134 - -3?
137
In base 15, what is 98 - 1?
97
In base 12, what is 863 - 3?
860
In base 5, what is -23230 - 0?
-23230
In base 7, what is 4203 + -6?
4164
In base 15, what is 0 - 522?
-522
In base 5, what is 1 - 2030?
-2024
In base 4, what is -213 - 222?
-1101
In base 12, what is 3 + -2a?
-27
In base 4, what is 1010 - -1033?
2103
In base 2, what is 110001 - 111?
101010
In base 5, what is 4021 - 10?
4011
In base 3, what is 21 - 120002?
-112211
In base 11, what is -9 - -112?
104
In base 13, what is -72 + 0?
-72
In base 10, what is -3 + 0?
-3
In base 12, what is 156a + -5?
1565
In base 5, what is -1001 - 143?
-1144
In base 4, what is 2 - 1220?
-1212
In base 5, what is -10033 + 2?
-10031
In base 2, what is -10100 + -11?
-10111
In base 10, what is -46 - -8?
-38
In base 16, what is -10 + 255?
245
In base 5, what is 24403 + 4?
24412
In base 5, what is -4 + -320?
-324
In base 11, what is -5 + -4866?
-4870
In base 7, what is 255 + 62?
350
In base 12, what is ba - -58?
156
In base 3, what is 10 + 221?
1001
In base 11, what is 18a - 3?
187
In base 10, what is 86 - 204?
-118
In base 12, what is 7 + 20?
27
In base 9, what is 1183 + 4?
1187
In base 12, what is 92 - -2?
94
In base 6, what is 223 - -4?
231
In base 6, what is -101 + -32?
-133
In base 2, what is -10101 - 100001?
-110110
In base 3, what is 2 - -212100?
212102
In base 16, what is -261 + -1?
-262
In base 2, what is -1100100110011 - -101?
-1100100101110
In base 10, what is 6 - -9?
15
In base 12, what is -5 - -1?
-4
In base 9, what is -26 + -3?
-30
In base 12, what is 4 - 317?
-